t common factor of 11 and h.
11
Suppose -4*l - 182 = -798. Let b(i) = i**3 - 6*i**2 - 5*i. Let j be b(7). What is the greatest common divisor of l and j?
14
Let g = 3 + 0. Let f be (g + -2 - 1)/2. Suppose 231 = -f*w + 3*w. Calculate the highest common factor of 7 and w.
7
Let n = 329 + -234. Suppose -7*x + 6 = -4*x. Suppose -c + 98 = 3*l - 5*c, 46 = l + x*c. Calculate the greatest common divisor of l and n.
19
Let l be -2 + (1/(-1) - -2). Let a be ((-1)/((-1)/19))/l. Let i = a + 31. What is the greatest common factor of 48 and i?
12
Let q = -3 + 5. Suppose -q*i = -5*i + 42. Calculate the greatest common divisor of 126 and i.
14
Let n(k) = 4*k + 2. Let q be ((-4)/(-6))/((-2)/(-9)). Let x be n(q). Suppose 0*p + 6 = 3*p. What is the greatest common divisor of x and p?
2
Let h(r) = -15*r**3 + r**2 - 1. Suppose 2*u - 7 = 5*x, -x - 3*u - 4 = -6*u. Let t be h(x). What is the highest common divisor of 3 and t?
3
Suppose 0*n + 30 = 3*n. Let w = 154 + -104. Calculate the greatest common divisor of n and w.
10
Let x = 9 + 0. Suppose 0 = t + 5*v - x, t = 5*v - 4 + 3. Let w be (-684)/(-21) - 28/49. Calculate the highest common divisor of t and w.
4
Let p(c) = c**2 - 5*c + 4. Let u be p(13). What is the greatest common divisor of u and 12?
12
Suppose 8 = 3*d - 2*d. Calculate the highest common divisor of d and 8.
8
Suppose 5*j = -0*j + 5. Let b(m) = -m**3 + 6*m**2 - 9*m + 7. Let s be b(4). What is the highest common divisor of j and s?
1
Let n be 6/(-3) - (-34 + 4). What is the greatest common factor of n and 14?
14
Suppose -8 = -4*l, 0 = 5*h + 4*l - 467 - 141. What is the greatest common factor of 15 and h?
15
Let c = 378 + -147. Suppose 174 = 5*o - c. Calculate the highest common divisor of 27 and o.
27
Suppose z - 5*r + 11 = 0, z + 3*r + 3 - 16 = 0. Let w be 1 + 0 - 172/(-4). What is the greatest common factor of z and w?
4
Let l(v) be the second derivative of v**3/6 + 4*v**2 + 3*v. Let n = 5 - 9. Let p be l(n). What is the highest common divisor of p and 6?
2
Let h be 50/4*(-1 - -3). Let o be ((-222)/14)/(-3) + (-4)/14. Calculate the greatest common divisor of h and o.
5
Let n = 9 + -3. Suppose -11*t - 9*t + 600 = 0. What is the highest common divisor of t and n?
6
Suppose -5*l = 3*o + 15 - 5, 5 = 5*o + 4*l. Let n = -45 + 85. Calculate the highest common factor of n and o.
5
Suppose 58 + 167 = 5*c. Let l(n) = 2*n**2 - 23*n + 6. Let k be l(12). What is the highest common factor of c and k?
9
Suppose -m - 225 = -2*l, -2*l - 4*m = -7*m - 235. What is the greatest common factor of 20 and l?
10
Let h = 3 + 2. Let y = -4 + h. What is the greatest common divisor of 7 and y?
1
Suppose -12 = -4*w - 4*u, 4*u - 23 = -3*w + 8*u. What is the highest common divisor of w and 5?
5
Let c = -5 + 10. Calculate the greatest common divisor of c and 55.
5
Suppose -r = -t - 50, 4*r - 5*t + 0*t - 202 = 0. What is the highest common divisor of r and 24?
24
Let c(i) = 4*i**3 + i**2 + i - 4. Let x(n) = 3*n**3 + n**2 + n - 5. Let d(a) = 4*c(a) - 5*x(a). Let o be d(0). What is the highest common factor of 81 and o?
9
Let c be (-36)/(-10) - 2/(-5). Let u = 0 + c. Calculate the greatest common divisor of 8 and u.
4
Let l = 52 + -37. Suppose q = -3*q - 5*t + 215, 4*q - 2*t - 250 = 0. What is the highest common divisor of l and q?
15
Suppose 3*l = -4*o + 23, -o - 17 = -5*l + 3*o. Suppose 0*r + 146 = 3*d + 4*r, -5 = l*r. Calculate the greatest common divisor of d and 10.
10
Let l = -33 + 35. Let m = -6 + 8. Let z be 11*(3 - (m - 1)). What is the greatest common factor of z and l?
2
Let s(f) = -2*f + 1. Let u be s(-4). Suppose 0 = 3*v - m - 91 + 31, -3*m + u = 0. Let q = -13 + v. What is the greatest common divisor of 64 and q?
8
Suppose 3*i + 0*y = -5*y + 137, 0 = 4*y - 4. Suppose 3*b + i = c - b, -5*c + 220 = -b. What is the highest common factor of c and 11?
11
Suppose -5*g + 3*z = -35, -9 = -2*g + 2*z + 1. Suppose -4*h - 6 = g, 61 = 5*o - 4*h. Let c be (2/(-1) - -5)/1. Calculate the highest common divisor of o and c.
3
Let w = 44 - 35. What is the highest common divisor of w and 9?
9
Let c be (-1)/(0 + 5/(-160)). What is the highest common factor of 160 and c?
32
Let b(y) = 4*y**2 + 3*y + 3. Let x be b(-1). Suppose -2*d + 7 = -t - x, -31 = -5*d - t. What is the highest common divisor of d and 6?
6
Let u(k) = 10*k - 3. Let z be u(1). What is the highest common divisor of 49 and z?
7
Suppose 4*c - 33 = -2*n + c, -n = 2*c - 17. Let r = 82 + -37. Calculate the highest common factor of n and r.
15
Let u(o) = -34*o + 2. Let q be u(-3). What is the highest common factor of q and 39?
13
Suppose -8*r = -122 + 10. What is the greatest common factor of r and 2?
2
Let g(v) = 3*v + 2. Let n be g(0). Calculate the greatest common divisor of n and 8.
2
Let k = -2 - -4. Suppose 4*i = 2*i + k*y + 10, 0 = 2*i + 3*y - 10. Suppose -9 - 15 = -2*w - 2*l, i*l = -w + 28. Calculate the highest common factor of w and 1.
1
Suppose -7*u + 5*u = -12. Suppose 10 + 0 = 2*v - 2*h, -3*v = 2*h - 5. Suppose g + 2 = v. Calculate the highest common divisor of u and g.
1
Suppose -3*m + 38 = -13. Calculate the greatest common divisor of m and 68.
17
Let n(s) = s**2 + 6*s + 1. Let q be n(-5). Let h be 1/4 - (-9)/q. Let z(g) = 2*g**2 - g - 1. Let x be z(h). Calculate the greatest common divisor of 1 and x.
1
Suppose 4 = 3*o - 29. Suppose f - 2*k - 4 = 0, -4*f + 5 + o = -k. Calculate the greatest common factor of 6 and f.
2
Let o be ((-54)/(-8))/((-2)/(-24)). Suppose 8*l - 13*l + 135 = 0. Calculate the highest common factor of l and o.
27
Let v(k) = -23*k - 4. Let l be v(-2). What is the greatest common divisor of 168 and l?
42
Let c(d) = 23*d + 6. Let w be c(6). Suppose 0 = -4*b + 2*x - w, b + 36 = -0*b + 2*x. Let q be 128/9 - (-8)/b. What is the highest common factor of q and 2?
2
Let o(c) = -68*c + 6. Let n(i) = 23*i - 2. Let s(g) = -17*n(g) - 6*o(g). Let k be s(2). What is the greatest common factor of k and 8?
8
Suppose 220 = 6*j - 476. What is the greatest common divisor of j and 29?
29
Suppose -3*j = 5*r - j - 393, r - 3*j = 82. Let t = -55 + r. What is the greatest common factor of t and 264?
24
Suppose 5*i = -4*r + 288, 0*i + 102 = 2*i - 5*r. What is the highest common divisor of 8 and i?
8
Suppose -4*w = -3*f - 44 + 3, -w + 3*f = -17. What is the highest common factor of 20 and w?
4
Let z(i) = -i**3 + 4*i**2 - 3. Let y be z(3). Suppose y - 2 = n. Suppose -j - 3*j + 5*r + 45 = 0, n*r = -4. Calculate the highest common divisor of 2 and j.
2
Suppose -4*y - 5*c + 68 = -c, 3*y - c - 47 = 0. Suppose -192 = 11*h - 19*h. What is the highest common factor of y and h?
8
Let u(h) = -h**2 + 3*h + 1. Let l be u(3). Let n be (-5)/((-10)/42) - l. What is the greatest common factor of 4 and n?
4
Let b be (-6)/4*(-8)/6. Suppose -b*p + 255 = h, 0 = 4*p - h - 168 - 333. What is the greatest common divisor of p and 14?
14
Let t be 8/10*145/2. Let m be t/(-12)*-3*2. What is the greatest common divisor of 29 and m?
29
Let x = 4 + -2. Suppose -4*n = -4*r - 368, 376 = 4*n - 0*n - x*r. Calculate the greatest common factor of 24 and n.
24
Suppose -4*k + 56 = 4*k. Calculate the highest common factor of 77 and k.
7
Suppose 2*u - 7 = p - 4*p, -11 = -3*p + 2*u. Suppose p*q - 36 = -0*q. Calculate the greatest common divisor of q and 120.
12
Let t be 483/(-12) + (-2)/(-8). Let h be t/(-6)*(-39)/(-2). Suppose h = 5*c - 500. What is the greatest common factor of 18 and c?
18
Let m = -152 + 307. Calculate the greatest common factor of 31 and m.
31
Let n(s) = 3*s - 7 + 3*s**2 + 1 + 0*s. Let j be n(-6). Suppose 4*x = -3*g + 2*x + 44, 2*g = 2*x + 16. What is the highest common factor of j and g?
12
Suppose 2 = 2*s - 4. Calculate the highest common factor of s and 3.
3
Suppose 12 = -c + 2*c. Suppose 0 = q - c - 24. Suppose -46 = -h + 44. What is the highest common divisor of h and q?
18
Let a(h) = -21*h - 3. Let v be a(-4). Suppose 4*m + v - 337 = 0. What is the highest common factor of m and 8?
8
Let o(t) = -t**2 - 10*t + 1. Let b be o(-11). Let u(a) = a**3 + 10*a**2 - 6*a - 15. Let j be u(b). What is the greatest common factor of 30 and j?
15
Let i be 6/5*10/3. Suppose -4*s + i*x + x - 8 = 0, 4*x = 2*s + 10. Calculate the highest common divisor of s and 3.
3
Let u = 71 + -64. What is the highest common divisor of u and 7?
7
Let h = 16 - 6. What i